{"id":17,"date":"2015-01-12T11:00:19","date_gmt":"2015-01-12T11:00:19","guid":{"rendered":"http:\/\/www.safesurfing.eu\/?page_id=17"},"modified":"2016-02-10T15:30:02","modified_gmt":"2016-02-10T15:30:02","slug":"partners","status":"publish","type":"page","link":"https:\/\/safesurfing.inclusion-europe.eu\/it\/partners\/","title":{"rendered":"Partner"},"content":{"rendered":"<p>Il progetto SafeSurfing beneficia della lunga esperienza dei suoi partner a supporto delle persone con disabilit\u00e0 intellettiva, avendone difeso i diritti a livello europeo.<\/p>\n<table cellspacing=\"5\">\n<tbody>\n<tr>\n<td><a href=\"http:\/\/safesurfing.inclusion-europe.eu\/wp-contentuploads\/2015\/01\/Inclusion-Europe-logo.jpg\"><img loading=\"lazy\" class=\"alignleft wp-image-127 size-medium\" src=\"http:\/\/safesurfing.inclusion-europe.eu\/wp-contentuploads\/2015\/01\/Inclusion-Europe-logo-300x265.jpg\" alt=\"Inclusion Europe logo\" width=\"300\" height=\"265\" srcset=\"https:\/\/safesurfing.inclusion-europe.eu\/wp-content\/uploads\/2015\/01\/Inclusion-Europe-logo-300x265.jpg 300w, https:\/\/safesurfing.inclusion-europe.eu\/wp-content\/uploads\/2015\/01\/Inclusion-Europe-logo.jpg 391w\" sizes=\"(max-width: 300px) 100vw, 300px\" \/><\/a><\/td>\n<td><\/td>\n<td>Inclusion Europe \u00e8 un\u2019associazione di persone con disabilit\u00e0 intellettiva e delle loro famiglie in tutta Europa. Fondata nel 1988, l\u2019organizzazione lotta per l\u2019uguaglianza dei diritti delle persone con disabilit\u00e0 e delle loro famiglie accompagnandole in tutte le fasi della vita. Inclusion Europe ha un ampio network di membri in tutta Europa, dal livello locale a quello nazionale.<\/td>\n<\/tr>\n<tr>\n<td><a href=\"http:\/\/safesurfing.inclusion-europe.eu\/wp-contentuploads\/2015\/01\/mencap_logo_rgb_screen_res.jpg\"><img loading=\"lazy\" class=\"alignleft wp-image-128 size-medium\" src=\"http:\/\/safesurfing.inclusion-europe.eu\/wp-contentuploads\/2015\/01\/mencap_logo_rgb_screen_res-300x183.jpg\" alt=\"Print\" width=\"300\" height=\"183\" srcset=\"https:\/\/safesurfing.inclusion-europe.eu\/wp-content\/uploads\/2015\/01\/mencap_logo_rgb_screen_res-300x183.jpg 300w, https:\/\/safesurfing.inclusion-europe.eu\/wp-content\/uploads\/2015\/01\/mencap_logo_rgb_screen_res.jpg 490w\" sizes=\"(max-width: 300px) 100vw, 300px\" \/><\/a><\/td>\n<td><\/td>\n<td>Mencap \u00e8 la voce della disabilit\u00e0 intellettiva nel Regno Unito. Mencap supporta le persone con disabilit\u00e0 intellettiva, le loro famiglie e gli operatori. Mencap lavora per migliorare i servizi, sfidare i pregiudizi e supportare direttamente migliaia di persone affinch\u00e9 vivano liberamente le proprie vite.<\/td>\n<\/tr>\n<tr>\n<td>\u00a0<a href=\"http:\/\/safesurfing.inclusion-europe.eu\/wp-contentuploads\/2015\/01\/ANFFAS_-_Associazione_Nazionale_Famiglie_di_Disabili_Intellettivi_e_Relazionali_-_Cesena_maxw300.jpg\"><img loading=\"lazy\" class=\"alignleft wp-image-130 size-medium\" src=\"http:\/\/safesurfing.inclusion-europe.eu\/wp-contentuploads\/2015\/01\/ANFFAS_-_Associazione_Nazionale_Famiglie_di_Disabili_Intellettivi_e_Relazionali_-_Cesena_maxw300-300x167.jpg\" alt=\"ANFFAS_-_Associazione_Nazionale_Famiglie_di_Disabili_Intellettivi_e_Relazionali_-_Cesena_maxw300\" width=\"300\" height=\"167\" \/><\/a><\/td>\n<td><\/td>\n<td>Anffas Onlus \u2013 Associazione Nazionale di Famiglie di Persone con Disabilit\u00e0 Intellettiva e\/o Relazionali, composta da genitori, famiglie e amici di persone con disabilit\u00e0. Gli uffici di Anffas Onlus Nazionale hanno sede a Roma e sul tutto il territorio italiano sono presenti 169 associazioni locali, 16 organismi regionali e 48 Autonomi Enti. Anffas promuove principi di pari opportunit\u00e0, la non discriminazione e l\u2019inclusione sociale e la tutela dei diritti umani delle persone con disabilit\u00e0, dei loro genitori e dei membri delle loro famiglie.<\/td>\n<\/tr>\n<tr>\n<td><a href=\"http:\/\/safesurfing.inclusion-europe.eu\/wp-contentuploads\/2016\/01\/Logo-Plena-RGB.jpg\"><img loading=\"lazy\" class=\"alignright size-medium wp-image-379\" src=\"http:\/\/safesurfing.inclusion-europe.eu\/wp-contentuploads\/2016\/01\/Logo-Plena-RGB-300x103.jpg\" alt=\"Logo-Plena-RGB\" width=\"300\" height=\"103\" srcset=\"https:\/\/safesurfing.inclusion-europe.eu\/wp-content\/uploads\/2016\/01\/Logo-Plena-RGB-300x103.jpg 300w, https:\/\/safesurfing.inclusion-europe.eu\/wp-content\/uploads\/2016\/01\/Logo-Plena-RGB-1024x353.jpg 1024w, https:\/\/safesurfing.inclusion-europe.eu\/wp-content\/uploads\/2016\/01\/Logo-Plena-RGB.jpg 1195w\" sizes=\"(max-width: 300px) 100vw, 300px\" \/><\/a><\/td>\n<td><\/td>\n<td>Plena Inclusi\u00f3n \u00e8 la Confederazione Spagnola delle Organizzazioni per Persone con Disabilit\u00e0 Intellettiva. Fondata nel 1964, attualmente rappresenta pi\u00f9 di 140.000 persone con disabilit\u00e0 intellettiva, impegnandosi a migliorare la loro qualit\u00e0 della vita ed assicurarsi che siano incluse nella societ\u00e0.<\/td>\n<\/tr>\n<tr>\n<td>\u00a0<a href=\"http:\/\/safesurfing.inclusion-europe.eu\/wp-contentuploads\/2015\/01\/logo_psouu.jpg\"><img loading=\"lazy\" class=\"alignright wp-image-132 size-medium\" src=\"http:\/\/safesurfing.inclusion-europe.eu\/wp-contentuploads\/2015\/01\/logo_psouu-231x300.jpg\" alt=\"logo_psouu\" width=\"231\" height=\"300\" srcset=\"https:\/\/safesurfing.inclusion-europe.eu\/wp-content\/uploads\/2015\/01\/logo_psouu-231x300.jpg 231w, https:\/\/safesurfing.inclusion-europe.eu\/wp-content\/uploads\/2015\/01\/logo_psouu.jpg 545w\" sizes=\"(max-width: 231px) 100vw, 231px\" \/><\/a><\/td>\n<td><\/td>\n<td>PSONI, l\u2019Associazione Polacca per le Persone con Disabilit\u00e0 Intellettiva, \u00e8 un\u2019organizzazione nazionale creata nel 1991. Lo scopo dell\u2019associazione \u00e8:<\/p>\n<ul>\n<li>proteggere la dignit\u00e0 umana, il posto all\u2019interno della famiglia e della societ\u00e0 e la qualit\u00e0 della vita delle persone con disabilit\u00e0 intellettiva<\/li>\n<li>promuovere una loro pi\u00f9 attiva partecipazione nella vita sociale<\/li>\n<li>fornirgli l\u2019adeguato supporto per l\u2019inclusione e l\u2019auotnomia nella vita di tutti i giorni<\/li>\n<\/ul>\n<\/td>\n<\/tr>\n<\/tbody>\n<\/table>\n<p><\/p>","protected":false},"excerpt":{"rendered":"<p>Il progetto SafeSurfing beneficia della lunga esperienza dei suoi partner a supporto delle persone con disabilit\u00e0 intellettiva, avendone difeso i diritti a livello europeo. Inclusion Europe \u00e8 un\u2019associazione di persone con disabilit\u00e0 intellettiva e delle loro famiglie in tutta Europa. Fondata nel 1988, l\u2019organizzazione lotta per l\u2019uguaglianza dei diritti delle persone con disabilit\u00e0 e delle [&hellip;]<\/p>\n","protected":false},"author":1,"featured_media":0,"parent":0,"menu_order":3,"comment_status":"closed","ping_status":"closed","template":"","meta":[],"_links":{"self":[{"href":"https:\/\/safesurfing.inclusion-europe.eu\/it\/wp-json\/wp\/v2\/pages\/17"}],"collection":[{"href":"https:\/\/safesurfing.inclusion-europe.eu\/it\/wp-json\/wp\/v2\/pages"}],"about":[{"href":"https:\/\/safesurfing.inclusion-europe.eu\/it\/wp-json\/wp\/v2\/types\/page"}],"author":[{"embeddable":true,"href":"https:\/\/safesurfing.inclusion-europe.eu\/it\/wp-json\/wp\/v2\/users\/1"}],"replies":[{"embeddable":true,"href":"https:\/\/safesurfing.inclusion-europe.eu\/it\/wp-json\/wp\/v2\/comments?post=17"}],"version-history":[{"count":30,"href":"https:\/\/safesurfing.inclusion-europe.eu\/it\/wp-json\/wp\/v2\/pages\/17\/revisions"}],"predecessor-version":[{"id":542,"href":"https:\/\/safesurfing.inclusion-europe.eu\/it\/wp-json\/wp\/v2\/pages\/17\/revisions\/542"}],"wp:attachment":[{"href":"https:\/\/safesurfing.inclusion-europe.eu\/it\/wp-json\/wp\/v2\/media?parent=17"}],"curies":[{"name":"wp","href":"https:\/\/api.w.org\/{rel}","templated":true}]}}

<p>Il progetto SafeSurfing beneficia della lunga esperienza dei suoi partner a supporto delle persone con disabilità intellettiva, avendone difeso i diritti a livello europeo.</p>
<table cellspacing="5">
<tbody>
<tr>
<td><a href="http://safesurfing.inclusion-europe.eu/wp-contentuploads/2015/01/Inclusion-Europe-logo.jpg"><img loading="lazy" class="alignleft wp-image-127 size-medium" src="http://safesurfing.inclusion-europe.eu/wp-contentuploads/2015/01/Inclusion-Europe-logo-300x265.jpg" alt="Inclusion Europe logo" width="300" height="265" srcset="https://safesurfing.inclusion-europe.eu/wp-content/uploads/2015/01/Inclusion-Europe-logo-300x265.jpg 300w, https://safesurfing.inclusion-europe.eu/wp-content/uploads/2015/01/Inclusion-Europe-logo.jpg 391w" sizes="(max-width: 300px) 100vw, 300px" /></a></td>
<td></td>
<td>Inclusion Europe è un’associazione di persone con disabilità intellettiva e delle loro famiglie in tutta Europa. Fondata nel 1988, l’organizzazione lotta per l’uguaglianza dei diritti delle persone con disabilità e delle loro famiglie accompagnandole in tutte le fasi della vita. Inclusion Europe ha un ampio network di membri in tutta Europa, dal livello locale a quello nazionale.</td>
</tr>
<tr>
<td><a href="http://safesurfing.inclusion-europe.eu/wp-contentuploads/2015/01/mencap_logo_rgb_screen_res.jpg"><img loading="lazy" class="alignleft wp-image-128 size-medium" src="http://safesurfing.inclusion-europe.eu/wp-contentuploads/2015/01/mencap_logo_rgb_screen_res-300x183.jpg" alt="Print" width="300" height="183" srcset="https://safesurfing.inclusion-europe.eu/wp-content/uploads/2015/01/mencap_logo_rgb_screen_res-300x183.jpg 300w, https://safesurfing.inclusion-europe.eu/wp-content/uploads/2015/01/mencap_logo_rgb_screen_res.jpg 490w" sizes="(max-width: 300px) 100vw, 300px" /></a></td>
<td></td>
<td>Mencap è la voce della disabilità intellettiva nel Regno Unito. Mencap supporta le persone con disabilità intellettiva, le loro famiglie e gli operatori. Mencap lavora per migliorare i servizi, sfidare i pregiudizi e supportare direttamente migliaia di persone affinché vivano liberamente le proprie vite.</td>
</tr>
<tr>
<td> <a href="http://safesurfing.inclusion-europe.eu/wp-contentuploads/2015/01/ANFFAS_-_Associazione_Nazionale_Famiglie_di_Disabili_Intellettivi_e_Relazionali_-_Cesena_maxw300.jpg"><img loading="lazy" class="alignleft wp-image-130 size-medium" src="http://safesurfing.inclusion-europe.eu/wp-contentuploads/2015/01/ANFFAS_-_Associazione_Nazionale_Famiglie_di_Disabili_Intellettivi_e_Relazionali_-_Cesena_maxw300-300x167.jpg" alt="ANFFAS_-_Associazione_Nazionale_Famiglie_di_Disabili_Intellettivi_e_Relazionali_-_Cesena_maxw300" width="300" height="167" /></a></td>
<td></td>
<td>Anffas Onlus – Associazione Nazionale di Famiglie di Persone con Disabilità Intellettiva e/o Relazionali, composta da genitori, famiglie e amici di persone con disabilità. Gli uffici di Anffas Onlus Nazionale hanno sede a Roma e sul tutto il territorio italiano sono presenti 169 associazioni locali, 16 organismi regionali e 48 Autonomi Enti. Anffas promuove principi di pari opportunità, la non discriminazione e l’inclusione sociale e la tutela dei diritti umani delle persone con disabilità, dei loro genitori e dei membri delle loro famiglie.</td>
</tr>
<tr>
<td><a href="http://safesurfing.inclusion-europe.eu/wp-contentuploads/2016/01/Logo-Plena-RGB.jpg"><img loading="lazy" class="alignright size-medium wp-image-379" src="http://safesurfing.inclusion-europe.eu/wp-contentuploads/2016/01/Logo-Plena-RGB-300x103.jpg" alt="Logo-Plena-RGB" width="300" height="103" srcset="https://safesurfing.inclusion-europe.eu/wp-content/uploads/2016/01/Logo-Plena-RGB-300x103.jpg 300w, https://safesurfing.inclusion-europe.eu/wp-content/uploads/2016/01/Logo-Plena-RGB-1024x353.jpg 1024w, https://safesurfing.inclusion-europe.eu/wp-content/uploads/2016/01/Logo-Plena-RGB.jpg 1195w" sizes="(max-width: 300px) 100vw, 300px" /></a></td>
<td></td>
<td>Plena Inclusión è la Confederazione Spagnola delle Organizzazioni per Persone con Disabilità Intellettiva. Fondata nel 1964, attualmente rappresenta più di 140.000 persone con disabilità intellettiva, impegnandosi a migliorare la loro qualità della vita ed assicurarsi che siano incluse nella società.</td>
</tr>
<tr>
<td> <a href="http://safesurfing.inclusion-europe.eu/wp-contentuploads/2015/01/logo_psouu.jpg"><img loading="lazy" class="alignright wp-image-132 size-medium" src="http://safesurfing.inclusion-europe.eu/wp-contentuploads/2015/01/logo_psouu-231x300.jpg" alt="logo_psouu" width="231" height="300" srcset="https://safesurfing.inclusion-europe.eu/wp-content/uploads/2015/01/logo_psouu-231x300.jpg 231w, https://safesurfing.inclusion-europe.eu/wp-content/uploads/2015/01/logo_psouu.jpg 545w" sizes="(max-width: 231px) 100vw, 231px" /></a></td>
<td></td>
<td>PSONI, l’Associazione Polacca per le Persone con Disabilità Intellettiva, è un’organizzazione nazionale creata nel 1991. Lo scopo dell’associazione è:</p>
<ul>
<li>proteggere la dignità umana, il posto all’interno della famiglia e della società e la qualità della vita delle persone con disabilità intellettiva</li>
<li>promuovere una loro più attiva partecipazione nella vita sociale</li>
<li>fornirgli l’adeguato supporto per l’inclusione e l’auotnomia nella vita di tutti i giorni</li>
</ul>
</td>
</tr>
</tbody>
</table>
<p></p>

<p>Il progetto SafeSurfing beneficia della lunga esperienza dei suoi partner a supporto delle persone con disabilità intellettiva, avendone difeso i diritti a livello europeo. Inclusion Europe è un’associazione di persone con disabilità intellettiva e delle loro famiglie in tutta Europa. Fondata nel 1988, l’organizzazione lotta per l’uguaglianza dei diritti delle persone con disabilità e delle [&hellip;]</p>
